{"id":1834,"date":"2024-06-06T11:40:47","date_gmt":"2024-06-06T09:40:47","guid":{"rendered":"https:\/\/www.brinkema.net\/?post_type=product&#038;p=1834"},"modified":"2024-06-06T12:04:19","modified_gmt":"2024-06-06T10:04:19","slug":"boscobel-40","status":"publish","type":"product","link":"https:\/\/www.brinkema.net\/?product=boscobel-40","title":{"rendered":"Boscobel 40"},"content":{"rendered":"<p>Boscobel<\/p>\n<p>Lachsrosa<\/p>\n<p>Z\u00fcchter: David Austin<\/p>\n<p>Rote Knospen \u00f6ffnen sich zu sch\u00f6n geformten, nach oben gerichteten, korallenrosa Rosetten. Kleine Bl\u00fctenbl\u00e4tter in verschiedenen Schattierungen vermischen sich, um einen h\u00f6chst ansprechenden Effekt zu erzielen. Der Myrrhe-Duft hat k\u00f6stliche Ankl\u00e4nge von Wei\u00dfdorn, Holunderbl\u00fcten, Birne und Mandel.<\/p>\nngg_shortcode_0_placeholder\n","protected":false},"excerpt":{"rendered":"<p>Boscobel<\/p>\n<p>Lachsrosa<\/p>\n<p>Z\u00fcchter: David Austin<\/p>\n","protected":false},"featured_media":1745,"comment_status":"open","ping_status":"closed","template":"","meta":{"_acf_changed":false,"ngg_post_thumbnail":0},"product_brand":[],"product_cat":[34],"product_tag":[],"class_list":{"0":"post-1834","1":"product","2":"type-product","3":"status-publish","4":"has-post-thumbnail","6":"product_cat-strauchrose","8":"first","9":"outofstock","10":"virtual","11":"purchasable","12":"product-type-simple"},"acf":[],"jetpack_sharing_enabled":true,"_links":{"self":[{"href":"https:\/\/www.brinkema.net\/index.php?rest_route=\/wp\/v2\/product\/1834","targetHints":{"allow":["GET"]}}],"collection":[{"href":"https:\/\/www.brinkema.net\/index.php?rest_route=\/wp\/v2\/product"}],"about":[{"href":"https:\/\/www.brinkema.net\/index.php?rest_route=\/wp\/v2\/types\/product"}],"replies":[{"embeddable":true,"href":"https:\/\/www.brinkema.net\/index.php?rest_route=%2Fwp%2Fv2%2Fcomments&post=1834"}],"wp:featuredmedia":[{"embeddable":true,"href":"https:\/\/www.brinkema.net\/index.php?rest_route=\/wp\/v2\/media\/1745"}],"wp:attachment":[{"href":"https:\/\/www.brinkema.net\/index.php?rest_route=%2Fwp%2Fv2%2Fmedia&parent=1834"}],"wp:term":[{"taxonomy":"product_brand","embeddable":true,"href":"https:\/\/www.brinkema.net\/index.php?rest_route=%2Fwp%2Fv2%2Fproduct_brand&post=1834"},{"taxonomy":"product_cat","embeddable":true,"href":"https:\/\/www.brinkema.net\/index.php?rest_route=%2Fwp%2Fv2%2Fproduct_cat&post=1834"},{"taxonomy":"product_tag","embeddable":true,"href":"https:\/\/www.brinkema.net\/index.php?rest_route=%2Fwp%2Fv2%2Fproduct_tag&post=1834"}],"curies":[{"name":"wp","href":"https:\/\/api.w.org\/{rel}","templated":true}]}}